. Let r(b) = -2 + 2*b - b + 2*b. Determine r(f).
-8
Let r(o) = 3*o**2 + 6*o. Let u(k) = -k**3 + 9*k - 4. Let q be u(3). Give r(q).
24
Let r = -46 + 45. Let y be 9 - (25/r)/(-5). Let s(j) = -j**3 + 3*j**2 + 4*j + 1. What is s(y)?
1
Let l(b) be the first derivative of 1/2*b**2 + 9*b + 2. Let m = 5828 + -5833. Give l(m).
4
Let k(p) = -p**3 - 2*p**2 - 2*p - 3. Let s be k(-2). Let n(q) = -31*q + 3. Let h(o) = 22*o - 2. Let d(v) = -3*h(v) - 2*n(v). Give d(s).
-4
Let j(n) be the first derivative of n + 8 + 7*n**2 - 4*n**2 - 4*n**2. Let z(t) = -4*t + 1. Let q be z(1). What is j(q)?
7
Suppose 4*g = 12 + 4. Suppose -3*m - 5 = -5*c, 2 - g = -2*c + 4*m. Let x be -6 + (c - (0 + -2)). Let h(a) = a - 1. What is h(x)?
-4
Let c(n) = 2*n - 3. Let w be c(2). Let y(t) = 6*t + 14. Let r(i) = i - 13. Let o(x) = -r(x) - y(x). Give o(w).
-8
Suppose -6 = t + 1. Let n(d) be the first derivative of d**4/4 + 7*d**3/3 - d**2 - 6*d - 9. Calculate n(t).
8
Let x(i) = -i**2 - 8*i - 4. Let k = 591 + -599. Give x(k).
-4
Let v(h) = h + 5. Let a be v(-7). Suppose 253 + 257 = 2*q. Let l(o) = 4*o - q - 2*o + 257. Calculate l(a).
-2
Let t(d) = 2*d + 29. Let y be t(-10). Let m(c) = -c**3 + 10*c**2 - 6*c - 6. Give m(y).
21
Suppose 2*k - 2 = 2. Suppose 4*t - k = 14. Let l(i) = i**3 - 5*i**2 + 5*i - 4. Determine l(t).
0
Let w(b) = -b + 2. Let l(g) = -6*g + 2. Let z(x) = -l(x) + 5*w(x). What is z(5)?
13
Let b be 0/(-2) + 1/(11/66). Let i(x) = 7*x. Determine i(b).
42
Suppose -4*m + 21 = -0*m - 3*f, -2*m = 4*f - 16. Let o(s) = -4*s + 12. Calculate o(m).
-12
Let j(v) = -15*v**2 - 406*v - 31. Let k be j(-27). Let p(y) = -y**3 - 3*y**2 - 2*y - 5. Determine p(k).
19
Let q = 11 + -18. Let l(n) be the first derivative of n**4/4 + 2*n**3 - 3*n**2 + 7*n + 55. Calculate l(q).
0
Suppose -2*d + 0 + 0 = 0. Let f(x) = 7 - 5 + 0*x - x**2 + d - 6*x. Calculate f(-5).
7
Let j be -1 + 2 - (-6)/6. Let z(n) = -33*n**3 + 5*n**j - 8*n - 2 + 0*n**2 + 34*n**3. Give z(-6).
10
Let j(q) be the second derivative of -q**4/6 - 2*q**3/3 - q**2/2 + q. Let y = -88 + 169. Let r = -84 + y. Determine j(r).
-7
Let r(q) = 3*q. Let z be -9 + 7/((-7)/(-6)). Calculate r(z).
-9
Let h(a) be the third derivative of a**4/12 - a**3/6 + 8*a**2 + 6*a. What is h(-4)?
-9
Let d(j) = j**3 - 3*j**2 + 6*j + 5. Let x be d(5). Suppose -3*l = -8*l - x. Let m = l + 14. Let w(b) = -2*b**2 - 3*b + 1. Give w(m).
-8
Suppose -108 = 21*g + 18. Let y(o) = -o**2 - 7*o - 5. Calculate y(g).
1
Suppose 0 = 21*n + 101 + 46. Let c(y) = 6*y**2 + 0*y**2 + y**3 + 8*y + 2*y**2. What is c(n)?
-7
Let u(d) = d**2 + 3*d - 7. Let i be u(-5). Let g(y) = -2*y + 3. Let o(c) = c - 1. Let z = 29 - 28. Let j(w) = z*g(w) + o(w). Determine j(i).
-1
Let t(w) = w**3 - w**2 - 6 - w + 5*w**2 - 4*w. Suppose 2*q = -4*q - 240. Let u be 3*(q/12 + 2). Give t(u).
14
Let t(l) = -l**2 + 10*l + 11. Let m = 749 - 740. Calculate t(m).
20
Let w(y) be the third derivative of y**6/120 + y**5/12 - y**4/6 - y**3/6 + 146*y**2. Determine w(-5).
19
Let z(p) = -p**3 + 5*p**2 + 8*p. Let n(h) = h**3 + 4*h**2 + 5*h + 12. Let r be n(-3). Give z(r).
12
Suppose 3*l + 5*l + 360 = 0. Let b = l - -48. Let a(k) = 2 + 0 + 2 - 2*k. What is a(b)?
-2
Let w(f) = -f**3 - 8*f**2 - 8*f + 2. Let j be w(-7). Let z be (-34)/(j/(-3) + 5). Let i = z - -13. Let v(y) = -y - 2. Calculate v(i).
2
Let y(o) be the first derivative of -1/4*o**4 + 2*o - 5 + o**3 + o**2. Let n(x) = -x - 15. Let c be n(-18). What is y(c)?
8
Let k(z) = -3 + 4*z**2 + 0*z**3 + 3*z - 5*z**3 + 6*z**3. Suppose -2*b = -4*q - 22, -3*q + b - 3 - 11 = 0. Calculate k(q).
-3
Let u(k) = -44*k**2 + 75*k**2 - 32*k**2. Determine u(1).
-1
Let d = 25/42 - 2/21. Let l(n) be the first derivative of 1/4*n**4 - 5 + 5*n + d*n**2 - 1/3*n**3. Give l(0).
5
Let x(l) be the first derivative of 19*l**4/4 + l**3/3 + l**2/2 + l - 317. Calculate x(-1).
-18
Let x(y) be the third derivative of -y**6/10 - y**4/24 + y**2. Let m be 3 + (6 + 240/(-42))*-14. Determine x(m).
13
Let s = -850 + 845. Let m(r) = r**3 + 6*r**2 + r - 13. Calculate m(s).
7
Let q(v) be the second derivative of -v**5/20 - 7*v**4/12 - 2*v**3/3 + 3*v**2/2 + 40*v + 25. Suppose -2*u + 7*u = 5. Let i be (u + (-2)/14)*-7. Determine q(i).
-9
Let i(j) = -j + 2. Suppose 22*z + 64 + 2 = 0. Give i(z).
5
Let l(a) = 4*a**2 - 2*a - 2. Suppose -4*u + 3*m = 16, -4*u = 12*m - 11*m. What is l(u)?
4
Let f be ((-16)/6)/((-34)/(-6) - 5). Let a(j) = 2*j**2 + 6*j + 1. Calculate a(f).
9
Suppose q + 2*u = -4, 0 = 3*q + 5*u + 11 + 3. Let c(y) = -y**3 - 7*y**2 + 7*y + 8. Give c(q).
16
Let s(j) = -12*j - 2 + 10*j - 1 - j**2. Let k(g) = -g + 17. Let x be k(15). Suppose 0 = x*n + 2 + 2. Calculate s(n).
-3
Let z(g) = g**3 + 4*g**2 + 3*g - 1. Let n(k) = -k**3 - 7. Let m be n(-4). Suppose -12*s = -31*s - m. What is z(s)?
-1
Let h(i) = -i**3 - 7*i**2 - 8*i - 7. Let b be 28/5 + 2/5. Let p(v) = -7*v + 60. Let s(j) = 6*j - 46. Let c(f) = -2*p(f) - 3*s(f). Let q be c(b). Determine h(q).
5
Let p(n) = 2*n**2 + n - 43. Let c(o) = -o. Let k(s) = 2*c(s) + p(s). Let h(v) be the first derivative of k(v). What is h(5)?
19
Suppose 4*o + 2 = 30. Let j = o + -5. Let z(v) = 2*v - 3 - j*v**2 - 9*v + 1 - 2. Give z(-4).
-8
Let n(o) = 20*o**2 + 2*o - 11*o**2 - 209 + 211. Give n(-2).
34
Suppose -5 = -j - 4*j. Let a(u) be the first derivative of -u + 1/2*u**2 - 4 - 1/3*u**3 + u**4. Determine a(j).
3
Let x(m) be the first derivative of -1/2*m**3 + 1/12*m**4 - 8*m + 3/2*m**2 + 1/20*m**5 - 5. Let c(i) be the first derivative of x(i). Determine c(-3).
-6
Suppose 4*q + 5*u - 34 = 0, -3*q - 3*u - 2*u + 28 = 0. Let f(y) = 10 + 8 - y + 10 + 0*y - 20. Determine f(q).
2
Let h(o) = -o**3 - 9*o**2 + 7. Suppose -549*b - 54 = -543*b. Calculate h(b).
7
Let x(h) = -h**2 + 14*h + 12. Suppose 1885*a - 105 = 1878*a. What is x(a)?
-3
Let f(s) = -s + 2. Let w be (0/(1 + -5))/1. Let a(k) = -k**2 - 3*k + 6. Let r be a(w). Give f(r).
-4
Let l(h) = 3 + 7*h**3 - 6*h**3 - 2 + 15*h**2 - 7 + 13*h. Determine l(-14).
8
Let a(g) = 7*g - 2. Let n = -285 + 289. What is a(n)?
26
Let q(m) = m**2 + 5*m - 6. Let h(b) = b - 1. Let k be h(-2). Let n be 2 + 6 + (0 - k). Let i = -17 + n. Calculate q(i).
0
Let m(t) = 3*t - 6. Let q be m(3). Let z(r) = 2 + 4*r - 3*r - 3*r + q*r - r**2. What is z(2)?
0
Let t be 18 + 2 + -1 + 3. Suppose -4*y + t = -3*d, -y = 2*y - d - 14. Let a(x) = 3 - 3 - x**2 + 0*x**2 + 3*x - y. Determine a(3).
-4
Let q(w) be the second derivative of -w**4/12 - 11*w**3/6 - 11*w**2/2 + 453*w. Calculate q(-9).
7
Let k be (18/(-4))/(6/(-8)). Suppose -3*x = -13 - 8. Let d(w) = w. Let t(y) = 2*y. Let m(n) = x*d(n) - 3*t(n). Give m(k).
6
Let x(u) = -46*u - 40*u + 87*u + 6 + 4 - 5. Let g(m) = m**2 - 3*m. Let q be g(4). Suppose q = 2*f - f. Determine x(f).
9
Let b(h) = 3*h**3 + 2*h**2 + 3*h. Let d(g) = 7*g**3 + 4*g**2 + 7*g - 2. Let n(w) = -5*b(w) + 2*d(w). Let z be -2*(10/4 - 1). Calculate n(z).
8
Let g(v) = v**2 + 5*v + 3. Let o = -62 - -59. Let p be g(o). Let j(d) = d + 2. Give j(p).
-1
Let a(r) = -r - 24. Let c = -638 + 613. Determine a(c).
1
Let l(y) = -5*y + 1. Suppose m - 51 = -3*d, m = -d - 2*m + 9. Let u be -6 + 5 + d*2. Let p be (-16)/(-7) + (-10)/u. Determine l(p).
-9
Suppose 5*h - 6 = -4*r, 4 = r - 0. Let n(b) be the first derivative of -2*b**3/3 - 3*b**2/2 - b - 13. Let m(x) be the first derivative of n(x). Determine m(h).
5
Let b(x) = -x**3 - 18*x**2 - 17*x + 2. Let z be b(-17). Suppose 6 = 4*l + z. Let t(s) = 7*s. Calculate t(l).
7
Let x(v) = 3*v + 2. Let q = -42 + 44. Let s(i) = 3*i + 2. Let h(n) = q*s(n) - 3*x(n). Calculate h(-6).
16
Let m(x) = -x - 12. Let y = 2011 - 2029. What is m(y)?
6
Let d = -810 - -810. Let x(q) be the first derivative of -1 - 1/4*q**4 + 6*q + 1/3*q**3 - 1/2*q**2. Determine x(d).
6
Suppose 3*f + 379 = -89. Let o = f + 154. Let h(i) be the third derivative of i**6/60 + i**5/60 + i**4/24 + i**3/6 - i**2. Give h(o).
-13
Let w be 4 - 0 - (5 + -2 + -56). Let q = w + -56. Let i(h) be the second derivative of 5*h**4/12 + h**2/2 + 2*h. Determine i(q).
6
Let o(w) = -44*w + 103*w - 56*w - 10. Give o(10).
20
Suppose 5*g - 4*v = -19, 51*v + 14 = -4*g + 53*v. Let q(a) = -a**3 + 4*a**2 + 3*a. What is q(g)?
54
Let p(j) = -j - 1. Let d(q) be the second derivative of -4*q**3/3 + 5*q**2/2 - 4*q. Let n(s) = d(s) + 4*p(s). Calculate n(-1).
13
Let k(n) = -6*n**2 + 1. Let m(t) =